
False
Is 162453 a prime number?
False
Is 7045 composite?
True
Is 519011 prime?
True
Is 1429401 a composite number?
True
Is 8581 composite?
False
Is 19973 prime?
True
Is 40099 prime?
True
Is 329357 prime?
False
Is 268417 a composite number?
True
Is 54253 composite?
True
Is 557 a composite number?
False
Is 100033 composite?
True
Is 9239 a composite number?
False
Is 5227 composite?
False
Is 689611 a composite number?
True
Is 531547 prime?
True
Is 901 a composite number?
True
Is 9923 a prime number?
True
Is 131609 a prime number?
False
Is 2042 prime?
False
Is 437 prime?
False
Is 543941 a prime number?
False
Is 110702 composite?
True
Is 38173 a prime number?
False
Is 1550759 composite?
True
Is 16973 a prime number?
False
Is 100169 a composite number?
False
Is 1171517 composite?
False
Is 175117 a prime number?
False
Is 991541 a composite number?
False
Is 703559 prime?
True
Is 56081 a prime number?
True
Is 12287 prime?
False
Is 33047 composite?
True
Is 14081 a composite number?
False
Is 144717 prime?
False
Is 3056357 composite?
False
Is 1147819 prime?
True
Is 5131 composite?
True
Is 4258 prime?
False
Is 12598 a composite number?
True
Is 10786 prime?
False
Is 921457 composite?
False
Is 30623 composite?
True
Is 23979 a composite number?
True
Is 19531 composite?
False
Is 62347 prime?
True
Is 4369 composite?
True
Is 780583 a prime number?
True
Is 34583 prime?
True
Is 334237 prime?
False
Is 1524277 a composite number?
False
Is 168403 a composite number?
True
Is 66637 a composite number?
True
Is 1670149 prime?
False
Is 282881 a prime number?
True
Is 78863 composite?
True
Is 340241 composite?
True
Is 11549 composite?
False
Is 1912285 prime?
False
Is 124897 a prime number?
True
Is 78623 a composite number?
False
Is 7057 a prime number?
True
Is 160967 a composite number?
False
Is 20527 a prime number?
False
Is 1187149 prime?
False
Is 40087 a prime number?
True
Is 913139 a composite number?
False
Is 412793 composite?
False
Is 69347 a composite number?
True
Is 586883 a prime number?
False
Is 50417 composite?
False
Is 1057 composite?
True
Is 127913 composite?
False
Is 1277 composite?
False
Is 187961 a prime number?
False
Is 171829 a composite number?
True
Is 1123373 a composite number?
True
Is 38113 prime?
True
Is 29398 a composite number?
True
Is 334 a composite number?
True
Is 1847 composite?
False
Is 5519 a composite number?
False
Is 9987 a prime number?
False
Is 56013 composite?
True
Is 13591 a composite number?
False
Is 262897 composite?
False
Is 1165349 a composite number?
False
Is 4321 prime?
False
Is 772819 prime?
False
Is 48073 composite?
False
Is 2507 prime?
False
Is 32687 a composite number?
False
Is 112399 prime?
False
Is 33563 composite?
False
Is 11791 prime?
False
Is 7985 a composite number?
True
Is 679 a composite number?
True
Is 4265 prime?
False
Is 858859 a prime number?
True
Is 1639 a composite number?
True
Is 21247 composite?
False
Is 97203 composite?
True
Is 38507 composite?
True
Is 45233 a prime number?
True
Is 41353 prime?
False
Is 80737 prime?
True
Is 9527 a prime number?
False
Is 88919 composite?
False
Is 15493 a composite number?
False
Is 224753 prime?
False
Is 5389 prime?
False
Is 7633 a composite number?
True
Is 451889 a composite number?
True
Is 42043 prime?
True
Is 97649 a composite number?
False
Is 8097 prime?
False
Is 2627 composite?
True
Is 81311 a composite number?
True
Is 7039 prime?
True
Is 13253 a composite number?
True
Is 34421 composite?
False
Is 36107 prime?
True
Is 36397 a composite number?
True
Is 329177 a composite number?
False
Is 387371 a prime number?
True
Is 770741 prime?
True
Is 19111 a composite number?
True
Is 8081 a composite number?
False
Is 2795521 a composite number?
False
Is 8419 a prime number?
True
Is 410287 prime?
False
Is 288597 a prime number?
False
Is 194197 a prime number?
True
Is 244085 a prime number?
False
Is 50411 prime?
True
Is 3309 a composite number?
True
Is 11747 a prime number?
False
Is 156419 a composite number?
False
Is 91473 composite?
True
Is 8741 prime?
True
Is 280607 prime?
True
Is 2603 a prime number?
False
Is 5793 a prime number?
False
Is 8267 prime?
False
Is 22426 a composite number?
True
Is 79949 composite?
True
Is 353629 a composite number?
False
Is 8299 composite?
True
Is 2866249 composite?
True
Is 6637 a prime number?
True
Is 201083 composite?
True
Is 164435 prime?
False
Is 34633 a composite number?
True
Is 35773 a composite number?
True
Is 83987 a prime number?
True
Is 591439 prime?
False
Is 25269 a composite number?
True
Is 21401 a prime number?
True
Is 43913 a composite number?
False
Is 61933 composite?
False
Is 170615 a composite number?
True
Is 3079 a composite number?
False
Is 104459 prime?
True
Is 5207 prime?
False
Is 696343 a prime number?
True
Is 9689 a prime number?
True
Is 502301 a composite number?
False
Is 11463 composite?
True
Is 219217 prime?
True
Is 26963 composite?
True
Is 14377 a prime number?
False
Is 726071 a prime number?
True
Is 292507 a prime number?
False
Is 43523 a composite number?
True
Is 74699 prime?
True
Is 1149626 prime?
False
Is 29603 prime?
False
Is 328847 composite?
False
Is 558307 a composite number?
False
Is 39067 a prime number?
False
Is 149969 prime?
True
Is 336121 a prime number?
True
Is 5981 a prime number?
True
Is 1543 prime?
True
Is 61433 a prime number?
False
Is 12709 a composite number?
True
Is 17373 a prime number?
False
Is 3659 prime?
True
Is 65733 a composite number?
True
Is 259273 a prime number?
False
Is 18929 prime?
False
Is 771653 a composite number?
False
Is 16439 prime?
False
Is 338397 composite?
True
Is 1210611 a composite number?
True
Is 89363 composite?
False
Is 442319 composite?
False
Is 530227 composite?
False
Is 33717 prime?
False
Is 275627 a composite number?
True
Is 551801 prime?
True
Is 9263 a prime number?
False
Is 2079751 prime?
False
Is 216569 a prime number?
True
Is 965 a prime number?
False
Is 1757 a composite number?
True
Is 19847 prime?
False
Is 745 composite?
True
Is 19207 a composite number?
False
Is 222746 composite?
True
Is 104197 a composite number?
True
Is 96257 composite?
True
Is 316271 composite?
False
Is 10447 a prime number?
False
Is 951869 a prime number?
False
Is 14591 prime?
True
Is 19547 composite?
True
Is 13261 a composite number?
True
Is 164281 a prime number?
False
Is 35849 prime?
False
Is 1196347 a prime number?
True
Is 77417 a composite number?
False
Is 142183 a prime number?
True
Is 57637 a composite number?
False
Is 403667 composite?
True
Is 6801 a prime number?
False
Is 373831 prime?
False
Is 3691 a composite number?
False
Is 38993 a prime number?
True
Is 129491 composite?
False
Is 795341 prime?
False
Is 6523 composite?
True
Is 62359 prime?
False
Is 635801 prime?
True
Is 929561 composite?
False
Is 3511 prime?
True
Is 1009 prime?
True
Is 149623 a prime number?
True
Is 114357 a composite number?
True
Is 975071 a composite number?
False
Is 124087 composite?
False
Is 135389 composite?
False
Is 851 prime?
False
Is 57257 a composite number?
True
Is 2633 composite?
False
Is 731737 composite?
False
Is 736319 a composite number?
True
Is 17237 prime?
False
Is 718567 a composite number?
True
Is 19121 a composite number?
False
Is 5815 a composite number?
True
Is 166001 a prime number?
False
Is 209243 a prime number?
False
Is 62443 composite?
True
Is 4717 a prime number?
False
Is 16301 prime?
True
Is 414283 a prime number?
True
Is 5267 composite?
True
Is 59309 prime?
False
Is 34907 a prime number?
False
Is 244817 composite?
True
Is 2995979 a prime number?
False
Is 526829 a prime number?
True
Is 150551 a prime number?
True
Is 61127 a prime number?
False
Is 38945 a composite number?
True
Is 47577 a composite number?
True
Is 8457 composite?
True
Is 8147 composite?
False
Is 43895 composite?
True
Is 83059 a prime number?
True
Is 70289 composite?
False
Is 75821 prime?
True
Is 12767 a composite number?
True
Is 2459 prime?
True
Is 3793 a prime number?
True
Is 19289 a composite number?
False
Is 188763 prime?
False
Is 1186 a composite number?
True
Is 627293 prime?
True
Is 135011 prime?
False
Is 14953 a prime number?
False
Is 41333 a prime number?
True
Is 6953 prime?
False
Is 45139 prime?
True
Is 68422 prime?
False
Is 92233 a composite number?
False
Is 4969 composite?
False
Is 27611 composite?
False
Is 177047 